{"id":76,"date":"2020-09-15T16:43:57","date_gmt":"2020-09-15T19:43:57","guid":{"rendered":"http:\/\/localhost\/wordpress\/?post_type=evento&#038;p=76"},"modified":"2020-09-17T18:40:14","modified_gmt":"2020-09-17T21:40:14","slug":"campus-da-ufc-em-quixada-realiza-iii-empreenday-inscricoes-abertas","status":"publish","type":"evento","link":"https:\/\/inove.quixada.ufc.br\/?evento=campus-da-ufc-em-quixada-realiza-iii-empreenday-inscricoes-abertas","title":{"rendered":"Campus da UFC em Quixad\u00e1 realiza III Empreenday; inscri\u00e7\u00f5es abertas"},"content":{"rendered":"\n<p>Est\u00e3o abertas, via formul\u00e1rio eletr\u00f4nico, as inscri\u00e7\u00f5es para a terceira edi\u00e7\u00e3o do Empreenday. O evento ocorrer\u00e1 nos dias 12 e 13 de junho, no Campus da Universidade Federal do Cear\u00e1 em Quixad\u00e1. <br>O Empreenday \u00e9 organizado pelo N\u00facleo de Inova\u00e7\u00e3o e Empreendedorismo (INOVE) do campus e contar\u00e1 com palestras, workshops, rodas de conversa e campanhas de arrecada\u00e7\u00e3o de alimentos e de lixo eletr\u00f4nico. Ser\u00e3o 21 workshops sobre temas diversos. A organiza\u00e7\u00e3o do evento pede que cada participante se inscreva em apenas um oficina por hor\u00e1rio e no m\u00e1ximo em cinco durante todo o evento. <\/p>\n\n\n\n<p>Gratuita e aberta ao p\u00fablico, a atividade tem o objetivo de estimular a aprendizagem e o desenvolvimento do comportamento empreendedor de jovens universit\u00e1rios da regi\u00e3o do Sert\u00e3o Central do Estado. <\/p>\n\n\n\n<p>O Empreenday ocorre semestralmente desde 2018. Pela primeira vez, a atividade receber\u00e1 caravanas da UFC de Sobral, Crate\u00fas e Russas. Outras institui\u00e7\u00f5es de ensino da regi\u00e3o tamb\u00e9m j\u00e1 confirmaram presen\u00e7a. <\/p>\n\n\n\n<p>A programa\u00e7\u00e3o completa e mais informa\u00e7\u00f5es podem ser consultadas no site do evento.<\/p>\n","protected":false},"featured_media":77,"template":"","_links":{"self":[{"href":"https:\/\/inove.quixada.ufc.br\/index.php?rest_route=\/wp\/v2\/evento\/76"}],"collection":[{"href":"https:\/\/inove.quixada.ufc.br\/index.php?rest_route=\/wp\/v2\/evento"}],"about":[{"href":"https:\/\/inove.quixada.ufc.br\/index.php?rest_route=\/wp\/v2\/types\/evento"}],"wp:featuredmedia":[{"embeddable":true,"href":"https:\/\/inove.quixada.ufc.br\/index.php?rest_route=\/wp\/v2\/media\/77"}],"wp:attachment":[{"href":"https:\/\/inove.quixada.ufc.br\/index.php?rest_route=%2Fwp%2Fv2%2Fmedia&parent=76"}],"curies":[{"name":"wp","href":"https:\/\/api.w.org\/{rel}","templated":true}]}}

Campus da UFC em Quixadá realiza III Empreenday; inscrições abertas

<p>Estão abertas, via formulário eletrônico, as inscrições para a terceira edição do Empreenday. O evento ocorrerá nos dias 12 e 13 de junho, no Campus da Universidade Federal do Ceará em Quixadá. <br>O Empreenday é organizado pelo Núcleo de Inovação e Empreendedorismo (INOVE) do campus e contará com palestras, workshops, rodas de conversa e campanhas de arrecadação de alimentos e de lixo eletrônico. Serão 21 workshops sobre temas diversos. A organização do evento pede que cada participante se inscreva em apenas um oficina por horário e no máximo em cinco durante todo o evento. </p>



<p>Gratuita e aberta ao público, a atividade tem o objetivo de estimular a aprendizagem e o desenvolvimento do comportamento empreendedor de jovens universitários da região do Sertão Central do Estado. </p>



<p>O Empreenday ocorre semestralmente desde 2018. Pela primeira vez, a atividade receberá caravanas da UFC de Sobral, Crateús e Russas. Outras instituições de ensino da região também já confirmaram presença. </p>



<p>A programação completa e mais informações podem ser consultadas no site do evento.</p>
